 30*z + 5 - 16*z - 15*z. What is h(0)?
5
Let d(y) = y**2 + 3*y - 1. Let j(v) = v**2 + 3*v. Let u(t) = -5*d(t) + 6*j(t). Give u(-4).
9
Let k(p) = -6*p - 10. Let a(s) = 4*s + 7. Let y(t) = -7*a(t) - 5*k(t). Determine y(-1).
-1
Let k(q) = -2*q**3 - 6*q**2 + 7*q + 11. Let c(b) = b**3 + 3*b**2 - 4*b - 5. Let l(a) = 5*c(a) + 2*k(a). What is l(-4)?
5
Suppose -3*v + 15 = -0*v + 4*p, -4*p = v - 5. Let k(i) = 14 - 3*i**2 - v*i - 21 + 4*i**2. Determine k(6).
-1
Let b(y) = -y + 24. Let r be b(18). Let a(w) = w - 2. Calculate a(r).
4
Let i(a) = -2*a**3 - 3*a**2 - 2 - 5*a**3 + 3 + 4*a**2 - 2*a. Let v be (-2)/(-2 + 0 + 0). Give i(v).
-7
Let f(x) be the second derivative of -x**5/20 + 7*x**4/12 - x**3 - 3*x**2/2 - 2*x. Suppose 5*w - w - 2*g = 18, w - g = 3. Give f(w).
-3
Let r(k) = 11*k**3 - 12*k**2 + 5. Let t(o) = -4*o**3 + 4*o**2 - 2. Let n(z) = -3*r(z) - 8*t(z). What is n(4)?
1
Let t(r) = -5*r**2 + r + 4. Let x(g) = -14*g**2 + 4*g + 11. Let y(w) = -11*t(w) + 4*x(w). Let j be 7/7 - 3*4/(-6). What is y(j)?
6
Let n(f) = -f + 3. Let a(k) = k**3 + 3*k**2 - k - 1. Let o be a(-3). Suppose 4*c - w + 4 = 0, o*w = c + 3*w - 4. Determine n(c).
3
Let t(r) = r**2 - 6*r + 1. Suppose 4*s + 5*l - 9 = 0, 0 = -5*s - 2*l + 6*l + 1. Let d be 4 + 3 + (-2)/s. Determine t(d).
-4
Let z(j) = -j + 8. Let v be z(5). Let n(r) be the third derivative of -2*r**2 - 1/120*r**6 + 0*r**4 + 0 + 0*r + 1/10*r**5 + 5/6*r**v. Give n(6).
5
Let o = 0 + 1. Let h(b) be the second derivative of -3*b**5/20 + b**4/12 - b**3/6 + b**2/2 + 12*b. Determine h(o).
-2
Let z(o) = o - 1. Let y(f) = 8*f - 10. Let h = 7 + -3. Let x(u) = h*z(u) - y(u). Give x(4).
-10
Let g(z) be the second derivative of z**5/20 - z**4/4 - z**3/6 - 2*z. Let r(q) = -q**2. Let x(h) = -g(h) + 3*r(h). Determine x(2).
-6
Let p(q) = -7*q**3 + q**2 + 13*q + 15. Let s(r) = -4*r**3 + 7*r + 8. Let u(g) = 3*p(g) - 5*s(g). Determine u(4).
5
Let j(g) be the first derivative of -g**4/2 - 2*g**3/3 - 3*g**2/2 - g - 1. Let d be (21/14)/((-6)/8). What is j(d)?
13
Let o(s) = -s**2 - 5*s + 5. Let y be o(-5). Let g(j) = -3*j**2 - 8*j - 8. Let z(v) = 4*v**2 + 12*v + 12. Let a(n) = y*z(n) + 7*g(n). Calculate a(6).
-8
Let f be (1/(-1))/(3/(-6)). Let s be -1 + (3 - (6 - f)). Let v(i) = -i**3 - i + 1. Let r(m) = -5*m**3 - m**2 - 2*m + 5. Let k(p) = -r(p) + 4*v(p). Give k(s).
-1
Let q be (-35)/(-25) - 4/10. Let h(l) = -q - 5*l**2 - 8*l**2 + 2*l + 2*l**2 + l**2. Give h(1).
-9
Let x(w) = -w**3 - 9*w**2 + 12*w - 1. Let a(z) = z**2 - z + 1. Suppose k + 5*u = 4*u - 9, 0 = -k + 2*u. Let b(v) = k*a(v) - x(v). Give b(-4).
3
Suppose 9*v = 8*v - 7. Let s(f) = -f**3 - 6*f**2 + 5*f - 8. Calculate s(v).
6
Let f(k) = k**3 + 5*k**2 - 6*k. Let j be (0 + 0)/((-3)/3). Suppose 4*v = s + 41 - 13, 5*v + s = 26. Suppose -r - v = -j*r. Calculate f(r).
0
Let q = -24 + 14. Let b(t) = t + 15. Give b(q).
5
Let z(v) be the second derivative of v**3/6 + v. Suppose 0 = -4*a + 2 + 2. Determine z(a).
1
Let a(g) = -g**3 - 7*g**2 + 9*g + 1. Let q = 8 + -16. What is a(q)?
-7
Let k(h) = -9*h - 1. Let i = -7 + 10. Suppose 0 = 3*r - 0 - i. Suppose 0 = -l - 0 + r. Determine k(l).
-10
Let d(z) = z - 1. Let b = 1 - -3. Let q be d(b). Let w(v) = -v**2 + 3*v. What is w(q)?
0
Let m(r) = 4*r**3 - 3*r**2 + 7*r. Let k(p) = -3*p**3 + 2*p**2 - 6*p - 1. Let q(j) = 5*k(j) + 4*m(j). Determine q(4).
19
Let o(v) = -3*v**3 + 5*v**2 + 4*v - 6. Let s(z) = 7*z**3 - 11*z**2 - 9*z + 13. Let j(p) = -9*o(p) - 4*s(p). Determine j(0).
2
Let g be 1 + (0 - -1*1). Let i(j) = 13*j**3 + 8*j**2 - 7*j + 8. Let a(b) = -3*b**3 - 2*b**2 + 2*b - 2. Let k(q) = -9*a(q) - 2*i(q). Determine k(g).
10
Let n(g) = -g - 3. Suppose -f + 5 = -2*m + 4*m, -25 = -4*m - 5*f. What is n(m)?
-3
Let b(h) = -h**3 - 11*h**2 - 11*h - 5. Let s = -24 + 14. Let l be b(s). Let i(x) = -x**2 + 5*x + 7. Determine i(l).
7
Let l(u) = -u**2. Let a be l(1). Let s(k) be the second derivative of 0*k**3 - 1/2*k**2 + 3*k - 7/12*k**4 + 0. Calculate s(a).
-8
Let a(m) be the second derivative of 1/2*m**2 + 1/12*m**4 - 5/6*m**3 + 0 - 3*m. What is a(4)?
-3
Suppose 4*s - 4*g - 18 = -2*g, g = -3*s + 11. Let w(i) = i + 0*i + 3 - s. Let v = 47 + -44. Calculate w(v).
2
Let l(n) = -n**3 + 8*n**2 - 10*n - 8. Let x be l(6). Let s(o) = -x*o + 0 + 5 - 2 - 2. Give s(-1).
5
Let q be (-3)/1 - 9/(-3). Let a(h) = h**3 + h + 2. Give a(q).
2
Let x(n) = -n**3 - n**2 + n - 4. Let d = -10 - -10. Give x(d).
-4
Let l(a) be the first derivative of -7/3*a**3 + 2 - 1/4*a**4 + 2*a - 3*a**2. Determine l(-6).
2
Let n(r) = 2*r**2 + r. Let z(f) = -f + 1 + 0 + 4. Let y be z(7). Give n(y).
6
Let z(r) = -r**3 + 6*r**2 - 4*r + 4. Suppose 0 = 5*m - 3*t + 5*t + 47, 2*m - 5*t + 13 = 0. Let s(q) = q**3 + 10*q**2 + 9*q + 5. Let d be s(m). Give z(d).
9
Suppose -20 = -k - 4*b, 5*k + 3*b - 68 = -19. Let q = k - 17. Let f = q - -4. Let x(r) = r**3 + 4*r**2 - 6*r + 1. Calculate x(f).
6
Let i(o) = o**3 - 4*o**2 + 2. Suppose -s = -2*s + 29. Let t = s + -17. Let h be (-1)/((-2)/t*2). Give i(h).
-7
Let u(v) = -v**2 + 7*v - 1. Let w be u(6). Let h(s) be the first derivative of -s**3/3 + 3*s**2 - s - 2. What is h(w)?
4
Let c(t) = -78*t**2 - 3 - 4*t + 77*t**2 + t + 0. Give c(-6).
-21
Suppose 3*i = 3*x + 21, -3*i - 2*x + 21 = -0*x. Let w(z) = z**2 - 7*z + 5. Give w(i).
5
Let s(u) = -u**3 - 2 - 7*u**2 + 5*u - 7*u**2 + 13*u**2 - 4*u**2. Give s(-6).
4
Let s(h) = -7 + 5*h + 0*h - 8*h. Determine s(-5).
8
Let o(g) = g**2 + 9*g - 2. Let x = -96 - -88. Give o(x).
-10
Let g be (-1)/3 - 98/(-42). Let a(u) = 4*u - 3. Determine a(g).
5
Let u(y) = 5*y**3 - 3*y**2 - 5*y - 6. Let q(a) = 4*a**3 - 3*a**2 - 4*a - 5. Let j(v) = 3*q(v) - 2*u(v). What is j(3)?
18
Let s(m) = m**2 - m + 2. Let f be s(2). Suppose f = r + 5. Let n(x) = -2*x**2 - x. Calculate n(r).
-1
Let z = 9 + -3. Let m(t) = -t**2 + 5*t + 7. Let g be m(z). Let v(o) = 3*o**2 + o. Calculate v(g).
4
Suppose -4*z - 9 = 15. Let t(a) = -3*a - 6. Let q(o) = 7*o + 12. Let v(k) = 2*q(k) + 5*t(k). Determine v(z).
0
Let j(g) = 2*g - 3. Let c be 1/(-2)*(11 - 1). Determine j(c).
-13
Let v(u) be the third derivative of -u**7/840 - u**6/60 - u**5/120 - u**4/6 + 5*u**3/6 - 4*u**2. Let b(z) be the first derivative of v(z). Give b(-6).
2
Suppose -a + 5*i + 23 + 2 = 0, 5*a + 2*i + 10 = 0. Let c be a + -1 + -2 + 1. Let z(w) = -w**2 + w. Determine z(c).
-6
Let b(x) be the second derivative of x**3/2 + x**2/2 - 3*x. Let j = -6 - -5. Determine b(j).
-2
Let l(y) = -y**3 + 7*y**2 - 4*y - 3. Suppose -2*u - u + 4*m = -18, -2*m = 0. Determine l(u).
9
Let p(c) = c**2 - 8*c - 9. Let i be p(9). Let m(n) = -n + 8. Give m(i).
8
Let v(k) be the third derivative of -k**6/20 - k**5/60 + k**4/24 + k**3/6 + 2*k**2. Let h = -1 - -1. Let i be (1 - -1) + h + -3. Calculate v(i).
5
Suppose -6*y = -3*y + 3. Let k be -2 + (-1 - -4) - y. Let g(q) = q + 1 + 1 + 0. Calculate g(k).
4
Let i(t) be the first derivative of -5/2*t**2 - 2*t + 1/3*t**3 + 4. Give i(3).
-8
Let c be (4/(-10))/(5/(-25)). Let s(m) = 0*m**2 - 2*m**2 + 2*m - 2*m**2 + 2 - m**3 + c. Calculate s(-4).
-4
Suppose 0 = -5*m + 5 + 5. Suppose b = 5*b - l - 3, 0 = -b - l + 7. Let a(r) = 1 + r**m + r + 4*r**b + 0. Determine a(-1).
5
Let v(z) be the first derivative of z**4/4 + z**3/3 - z**2/2 - 3*z + 1. Let f(j) = j - 15. Let s be f(10). Let k = s - -5. What is v(k)?
-3
Let x(o) be the third derivative of -o**5/60 + o**4/4 - o**3/3 - 8*o**2. What is x(3)?
7
Let l = 109 - 112. Let b(r) = -r**3 - 4*r**2 - 2*r. What is b(l)?
-3
Let g be 0 + 4 + 20/(-5). Let s(i) = i + 4. Give s(g).
4
Let z(l) = -9*l + 1. Suppose -2*t = -4*t - 2. Let v be (1 + t)/((-2)/2). Suppose -5 = -v*b + 5*b. What is z(b)?
10
Let n(p) = -40*p + 76*p - 5 - 32*p - 2*p**2. What is n(4)?
-21
Suppose 0 = w - 2*w + 6. Let b = 8 - w. Let s(f) = -5*f**2 - 6*f - 6. Let z(x) = x**2 + x + 1. Let n(p) = 2*s(p) + 11*z(p). Give n(b).
1
Let x be 8/(-68) + (-128)/68. Let o(w) = -1 + w**3 + 0*w + 0*w - 3*w - w**2. What is o(x)?
-7
Let d = -97 + 89. Let m(z) = -z**3 - 9*z**2 - 10*z - 8. What is m(d)?
8
Suppose 3*b = 3 - 12, 2*s - 2*b = 0. Let q(x) = x**2 + 3*x + 2. What is q(s)?
2
Let k be (-8)/(-2) - 5/1. Let f(w) = 3*w**3 + w + 1. Determine f(k).
-3
Let r = -3 + 7. Let v(o) = -o**3 + 4*o**2 + 2*o - 6. What is v(r)?
2
Let r = -22 + 27. Let o(u) = -9 + 3 - 3*u + 7*u - 2*u. Determine o(r).
4
Let z(q) = -2*q + 44 +